{"id":10,"date":"2017-08-01T12:13:17","date_gmt":"2017-08-01T12:13:17","guid":{"rendered":"https:\/\/websitedemos.net\/law-free\/?page_id=10"},"modified":"2024-05-06T15:49:39","modified_gmt":"2024-05-06T18:49:39","slug":"practice-area","status":"publish","type":"page","link":"https:\/\/pm.empresaonline.net.br\/index.php\/practice-area\/","title":{"rendered":"Practice Area"},"content":{"rendered":"<h2>Hist\u00f3rico<\/h2>\n<p>O Decreto Federal n\u00ba 23.273, de 23 de janeiro de 1943, antigo C\u00f3digo Florestal, previa a cria\u00e7\u00e3o e organiza\u00e7\u00e3o, pelos Estados, de suas Pol\u00edcias Florestais.&nbsp;<\/p>\n<p>O Art. 7\u00ba, al\u00ednea \u201ce\u201d do Decreto Estadual n\u00ba 13.213, de 08 de fevereiro de 1943, atribuiu \u00e0 Procuradoria do Patrim\u00f4nio, a organiza\u00e7\u00e3o da Pol\u00edcia Florestal do Estado de S\u00e3o Paulo. Em 28 de julho de 1943, por for\u00e7a do Decreto Estadual n\u00ba 13.487, tal atribui\u00e7\u00e3o foi transferida para o Servi\u00e7o Florestal do Estado, \u00f3rg\u00e3o da Secretaria da Agricultura.&nbsp;<\/p>\n<p>Em 13 de maio de 1949, foi colocado \u00e0 disposi\u00e7\u00e3o do Servi\u00e7o Florestal, a pedido da Secretaria da Agricultura, o ent\u00e3o 1\u00ba Ten PM Odilon Sp\u00ednola Neto, a fim de organizar a Pol\u00edcia Florestal do Estado.&nbsp;<\/p>\n<p>Pelo Decreto n\u00ba 19.008-A, de 14 de dezembro de 1949, a Pol\u00edcia Florestal passou a contar com o contingente de 28 homens, da ex-For\u00e7a P\u00fablica, assim distribu\u00eddo:01 Tenente; 05 Sargentos; 04 Cabos e 18 Soldados.<\/p>\n<p>Em 1956, o Pelot\u00e3o inicial, que posteriormente transformou-se em Companhia, passou a denominar-se CORPO DE POLICIAMENTO FLORESTAL, nome este que perdurou at\u00e9 09 de fevereiro de 1971, quando foi modificado para CORPO DE POLICIAMENTO DOS RECURSOS NATURAIS.&nbsp;<\/p>\n<p>Com o Decreto n\u00ba 7.289, de 15 de dezembro de 1975, passou a constituir o 1\u00ba BATALH\u00c3O DE POL\u00cdCIA FLORESTAL E DE MANANCIAIS (1\u00baBPFM), com 05 Companhias, cabendo a cada uma, uma \u00e1rea de fiscaliza\u00e7\u00e3o que abrangia cerca de 1\/5 (um quinto) de todo o Estado, tendo suas sedes separadas do Comando por grandes dist\u00e2ncias.&nbsp;<\/p>\n<p>O Governador do Estado de S\u00e3o Paulo, Dr. Paulo Egydio Martins, sensibilizado com esses problemas, criou o 2\u00ba BATALH\u00c3O DE POL\u00cdCIA FLORESTAL E DE MANANCIAIS (2\u00baBPFM) e suas respectivas Organiza\u00e7\u00f5es Policiais Militares (OPM) subordinadas, pelo Decreto Estadual n\u00ba 8.684, de 30 de setembro de 1976.&nbsp;<\/p>\n<p>Ap\u00f3s o Decreto de cria\u00e7\u00e3o, com sua inaugura\u00e7\u00e3o efetivada no dia 21 de junho de 1977, o 2\u00ba BPFM foi instalado na Travessa Mal. Deodoro n\u00ba 107 \u2013 Centro \u2013 Birig\u00fci\/SP, estando presente o Governador do Estado, Paulo Egydio Martins, Prefeito Municipal de Birig\u00fci, Pedro Marin Berbel, o Comandante Geral da PMESP, o Coronel EB Francisco Batista Torres de Melo, o Comando do Policiamento do Interior, Coronel Juvenal Lopes da Silva, o Comando do Policiamento de \u00c1rea do Interior &#8211; Regi\u00e3o 5, Coronel Jo\u00e3o M\u00e1ximo de Carvalho Neto, o Comandante do 1\u00ba BPFM, o Tenente Coronel Raul da Luz e demais autoridades civis e militares.&nbsp;<\/p>\n<p>Em cerim\u00f4nia realizada na Secretaria do Meio Ambiente (SMA), em 09 de novembro de 2001, o Governador de Estado, Geraldo Alckmin assinou o Decreto Estadual n\u00ba 46.263, que alterou o nome Florestal e de Mananciais para Ambiental, o que conferiu maior amplitude \u00e0s miss\u00f5es das Unidades de Policiamento no Estado de S\u00e3o Paulo.&nbsp;<\/p>\n<p>Com esse Decreto o 2\u00ba Batalh\u00e3o de Pol\u00edcia Florestal e de Mananciais passou a chamar-se 2\u00ba BATALH\u00c3O DE POL\u00cdCIA AMBIENTAL (2\u00ba BPAmb), atualmente dividido, em 4 Companhias (Cia), estas em 9 Pelot\u00f5es (Pel) e estes em 10 Bases Operacionais (BOp).<\/p>\n<p><strong>Sobre o Policiamento Ambiental<\/strong><\/p>\n<p>O Policiamento Ambiental, maior for\u00e7a policial estadual voltada \u00e0 prote\u00e7\u00e3o da natureza da Am\u00e9rica Latina, \u00e9 uma das unidades especializadas da Pol\u00edcia Militar do Estado de S\u00e3o Paulo que atua nos 645 munic\u00edpios e em todo o litoral.<\/p>\n<p>Possui 116 unidades de atendimento integradas com um efetivo fixado de mais de 2.200 homens e mulheres dedicados ao policiamento ambiental. Possui mais de 400 viaturas, embarca\u00e7\u00f5es e motocicletas. Conta ainda com um helic\u00f3ptero biturbina, Augusta Grand New, dedicado \u00e0 fiscaliza\u00e7\u00e3o da Serra do Mar, dos mosaicos da Mata &nbsp;para o monitoramento da Serra do Mar e litoral.<\/p>\n<p>Conta com recursos de monitoramento por sat\u00e9lites e com ve\u00edculos \u00e1eros n\u00e3o tripulav\u00e1veis que monitoram as regi\u00f5es de interesse e locais de dif\u00edcil acesso. Atua ainda de maneira especial nas regi\u00f5es de relevante interesse ambiental, como nas Unidades de Conserva\u00e7\u00e3o do Estado, que juntas somam mais de 760 mil hectares.<\/p>\n","protected":false},"excerpt":{"rendered":"<p>Hist\u00f3rico O Decreto Federal n\u00ba 23.273, de 23 de janeiro de 1943, antigo C\u00f3digo Florestal, previa a cria\u00e7\u00e3o e organiza\u00e7\u00e3o, pelos Estados, de suas Pol\u00edcias Florestais.&nbsp; O Art. 7\u00ba, al\u00ednea \u201ce\u201d do Decreto Estadual n\u00ba 13.213, de 08 de fevereiro de 1943, atribuiu \u00e0 Procuradoria do Patrim\u00f4nio, a organiza\u00e7\u00e3o da Pol\u00edcia Florestal do Estado de [&hellip;]<\/p>\n","protected":false},"author":1,"featured_media":0,"parent":0,"menu_order":0,"comment_status":"closed","ping_status":"closed","template":"","meta":{"site-sidebar-layout":"no-sidebar","site-content-layout":"page-builder","ast-site-content-layout":"","site-content-style":"default","site-sidebar-style":"default","ast-global-header-display":"","ast-banner-title-visibility":"","ast-main-header-display":"","ast-hfb-above-header-display":"","ast-hfb-below-header-display":"","ast-hfb-mobile-header-display":"","site-post-title":"disabled","ast-breadcrumbs-content":"","ast-featured-img":"","footer-sml-layout":"","theme-transparent-header-meta":"default","adv-header-id-meta":"","stick-header-meta":"default","header-above-stick-meta":"","header-main-stick-meta":"","header-below-stick-meta":"","astra-migrate-meta-layouts":"default","ast-page-background-enabled":"default","ast-page-background-meta":{"desktop":{"background-color":"var(--ast-global-color-4)","background-image":"","background-repeat":"repeat","background-position":"center center","background-size":"auto","background-attachment":"scroll","background-type":"","background-media":"","overlay-type":"","overlay-color":"","overlay-opacity":"","overlay-gradient":""},"tablet":{"background-color":"","background-image":"","background-repeat":"repeat","background-position":"center center","background-size":"auto","background-attachment":"scroll","background-type":"","background-media":"","overlay-type":"","overlay-color":"","overlay-opacity":"","overlay-gradient":""},"mobile":{"background-color":"","background-image":"","background-repeat":"repeat","background-position":"center center","background-size":"auto","background-attachment":"scroll","background-type":"","background-media":"","overlay-type":"","overlay-color":"","overlay-opacity":"","overlay-gradient":""}},"ast-content-background-meta":{"desktop":{"background-color":"var(--ast-global-color-5)","background-image":"","background-repeat":"repeat","background-position":"center center","background-size":"auto","background-attachment":"scroll","background-type":"","background-media":"","overlay-type":"","overlay-color":"","overlay-opacity":"","overlay-gradient":""},"tablet":{"background-color":"var(--ast-global-color-5)","background-image":"","background-repeat":"repeat","background-position":"center center","background-size":"auto","background-attachment":"scroll","background-type":"","background-media":"","overlay-type":"","overlay-color":"","overlay-opacity":"","overlay-gradient":""},"mobile":{"background-color":"var(--ast-global-color-5)","background-image":"","background-repeat":"repeat","background-position":"center center","background-size":"auto","background-attachment":"scroll","background-type":"","background-media":"","overlay-type":"","overlay-color":"","overlay-opacity":"","overlay-gradient":""}},"footnotes":""},"class_list":["post-10","page","type-page","status-publish","hentry"],"_links":{"self":[{"href":"https:\/\/pm.empresaonline.net.br\/index.php\/wp-json\/wp\/v2\/pages\/10","targetHints":{"allow":["GET"]}}],"collection":[{"href":"https:\/\/pm.empresaonline.net.br\/index.php\/wp-json\/wp\/v2\/pages"}],"about":[{"href":"https:\/\/pm.empresaonline.net.br\/index.php\/wp-json\/wp\/v2\/types\/page"}],"author":[{"embeddable":true,"href":"https:\/\/pm.empresaonline.net.br\/index.php\/wp-json\/wp\/v2\/users\/1"}],"replies":[{"embeddable":true,"href":"https:\/\/pm.empresaonline.net.br\/index.php\/wp-json\/wp\/v2\/comments?post=10"}],"version-history":[{"count":3,"href":"https:\/\/pm.empresaonline.net.br\/index.php\/wp-json\/wp\/v2\/pages\/10\/revisions"}],"predecessor-version":[{"id":784,"href":"https:\/\/pm.empresaonline.net.br\/index.php\/wp-json\/wp\/v2\/pages\/10\/revisions\/784"}],"wp:attachment":[{"href":"https:\/\/pm.empresaonline.net.br\/index.php\/wp-json\/wp\/v2\/media?parent=10"}],"curies":[{"name":"wp","href":"https:\/\/api.w.org\/{rel}","templated":true}]}}